{"id":47,"date":"2026-05-10T10:06:07","date_gmt":"2026-05-10T10:06:07","guid":{"rendered":"https:\/\/romarin.ro\/?page_id=47"},"modified":"2026-05-10T10:06:07","modified_gmt":"2026-05-10T10:06:07","slug":"servicii-de-protectia-mediului","status":"publish","type":"page","link":"https:\/\/romarin.ro\/?page_id=47","title":{"rendered":"Servicii de protec\u021bia mediului"},"content":{"rendered":"<ul>\n<li>\u00centocmirea documenta\u0163iei \u00een vederea ob\u0163inerii avizului\/autoriza\u0163iei de mediu;<\/li>\n<li>Managementul riscurilor de mediu;<\/li>\n<li>Managementul de\u015feurilor;<\/li>\n<li>Managementul substan\u0163elor chimice \u015fi periculoase;<\/li>\n<li>Managementul precursorilor;<\/li>\n<li>Auditul de mediu.<\/li>\n<\/ul>\n","protected":false},"excerpt":{"rendered":"<p>\u00centocmirea documenta\u0163iei \u00een vederea ob\u0163inerii avizului\/autoriza\u0163iei de mediu; Managementul riscurilor de mediu; Managementul de\u015feurilor; Managementul substan\u0163elor chimice \u015fi periculoase; Managementul precursorilor; Auditul de mediu.<\/p>\n","protected":false},"author":1,"featured_media":0,"parent":0,"menu_order":0,"comment_status":"closed","ping_status":"closed","template":"","meta":{"footnotes":""},"class_list":["post-47","page","type-page","status-publish","hentry"],"_links":{"self":[{"href":"https:\/\/romarin.ro\/index.php?rest_route=\/wp\/v2\/pages\/47","targetHints":{"allow":["GET"]}}],"collection":[{"href":"https:\/\/romarin.ro\/index.php?rest_route=\/wp\/v2\/pages"}],"about":[{"href":"https:\/\/romarin.ro\/index.php?rest_route=\/wp\/v2\/types\/page"}],"author":[{"embeddable":true,"href":"https:\/\/romarin.ro\/index.php?rest_route=\/wp\/v2\/users\/1"}],"replies":[{"embeddable":true,"href":"https:\/\/romarin.ro\/index.php?rest_route=%2Fwp%2Fv2%2Fcomments&post=47"}],"version-history":[{"count":1,"href":"https:\/\/romarin.ro\/index.php?rest_route=\/wp\/v2\/pages\/47\/revisions"}],"predecessor-version":[{"id":48,"href":"https:\/\/romarin.ro\/index.php?rest_route=\/wp\/v2\/pages\/47\/revisions\/48"}],"wp:attachment":[{"href":"https:\/\/romarin.ro\/index.php?rest_route=%2Fwp%2Fv2%2Fmedia&parent=47"}],"curies":[{"name":"wp","href":"https:\/\/api.w.org\/{rel}","templated":true}]}}