{"id":44,"date":"2026-05-10T10:04:02","date_gmt":"2026-05-10T10:04:02","guid":{"rendered":"https:\/\/romarin.ro\/?page_id=44"},"modified":"2026-05-10T10:04:02","modified_gmt":"2026-05-10T10:04:02","slug":"servicii-situatii-de-urgenta","status":"publish","type":"page","link":"https:\/\/romarin.ro\/?page_id=44","title":{"rendered":"Servicii situa\u021bii de urgen\u021b\u0103"},"content":{"rendered":"<p><b><strong>\u00centocmirea documenta\u0163iei<\/strong><\/b><\/p>\n<p>&nbsp;<\/p>\n<p>Elaborarea dosarului cu documentele impuse de Legea nr. 307\/2006 privind\u00a0<b><strong>ap<\/strong><\/b><b><strong>\u0103rarea \u00eempotriva\u00a0<\/strong><\/b><b><strong>incendiilor\u00a0<\/strong><\/b>\u015fi a Normelor generale de ap\u0103rare \u00eempotriva incendiilor (OMAI 163\/2007) cuprinz\u00e2nd:<\/p>\n<ul>\n<li>Acte de autoritate: decizii, dispozi\u0163ii, hot\u0103r\u00e2ri prin care se stabilesc r\u0103spunderi pe linie de ap\u0103rare \u00eempotriva incendiilor, reglementarea fumatului \u015fi a lucrului cu foc deschis;<\/li>\n<li>Reglementarea instruirilor\u00a0\u00a0privind situa\u0163iile de urgen\u0163\u0103 (PSI);<\/li>\n<li>Programul de instruire-testare privind situa\u0163iile de urgen\u0163\u0103 (PSI);<\/li>\n<li>Tematici pentru toate fazele de instruire pe linie de situa\u0163ii de urgen\u0163\u0103 (PSI);<\/li>\n<li>Atribu\u0163ii privind situa\u0163iile de urgen\u0163\u0103 (PSI) pentru toate categoriile de personal;<\/li>\n<li>Instruc\u0163iuni specifice de ap\u0103rarea \u00eempotriva incendiilor (PSI), \u0163in\u00e2nd cont de particularit\u0103\u0163ile activit\u0103\u0163ilor unit\u0103\u0163ii\/\u00eentreprinderii precum \u015fi ale locurilor de munc\u0103\/posturilor de lucru;<\/li>\n<li>Organizarea ap\u0103r\u0103rii \u00eempotriva incendiilor la locul de munc\u0103;<\/li>\n<li>Planuri de evacuare personal;<\/li>\n<li>\u00centocmirea necesarului de dotare a societ\u0103\u0163ii cu mijloace de ap\u0103rare \u00eempotriva incendiilor;<\/li>\n<li>Elaborarea fi\u015fei obiectivului;<\/li>\n<li>Elaborarea scenariilor de siguran\u0163\u0103 la incendiu;<\/li>\n<li>Consultan\u0163\u0103 privind \u00eentocmirea dosarului cu documenta\u0163ia pentru ob\u0163inerea avizului\/autoriza\u0163iei de ap\u0103rare \u00eempotriva incendiilor;<\/li>\n<li>Elaborarea planului de ac\u0163iune \u00een cazul unei situatii de urgen\u0163\u0103 (unde este cazul);<\/li>\n<li>Elaborarea planului de interven\u0163ie \u00een caz de incendiu;<\/li>\n<li>Evaluarea riscurilor la incendiu.<\/li>\n<\/ul>\n<p><b><strong>\u00a0Asisten\u0163\u0103 de specialitate<\/strong><\/b><\/p>\n<p><b><strong>\u00a0<\/strong><\/b><\/p>\n<p>Asisten\u0163a privind\u00a0<b><strong>ap<\/strong><\/b><b><strong>\u0103rarea \u00eempotriva\u00a0<\/strong><\/b><b><strong>incendiilor\u00a0<\/strong><\/b>cuprinz\u00e2nd:<\/p>\n<ul>\n<li>Efecturea instructajului introductiv general a noilor angaja\u0163i, prin consemnarea \u00een Fi\u015fa individual\u0103 de instructaj\u00a0\u00a0\u00een domeniul situa\u0163iilor de urgen\u0163\u0103 (PSI);<\/li>\n<li>Asisten\u0163\u0103 de specialitate pentru instruirea conduc\u0103torilor locurilor de munc\u0103 pentru efectuarea instructajului la locul de munc\u0103 \u015fi a instructajelor periodice\/periodice suplimentare \u00een domeniul situa\u0163iilor de urgen\u0163\u0103 (PSI);<\/li>\n<li>Executarea de controale periodice \u00een scopul depist\u0103rii \u015fi \u00eenl\u0103tur\u0103rii st\u0103rilor de pericol care pot favoriza ini\u0163ierea sau dezvoltarea incendiilor;<\/li>\n<li>Informarea angajatorului asupra deficien\u0163elor constatate \u00een timpul controalelor efectuate la locul de munc\u0103 \u015fi propunerea de masuri de ap\u0103rare \u00eempotriva incendiilor;<\/li>\n<li>Eviden\u0163a echipamentelor de ap\u0103rare impotriva incendiilor;<\/li>\n<li>Efectuarea de exercitii practice;<\/li>\n<li>Asisten\u0163\u0103a tehnic\u0103 \u00een vederea realiz\u0103rii masurilor de ap\u0103rare \u00eempotriva incendiilor dispuse cu ocazia controalelor efectuate de c\u0103tre Inspectoratul pentru Situa\u0163ii de Urgen\u0163\u0103.<\/li>\n<\/ul>\n","protected":false},"excerpt":{"rendered":"<p>\u00centocmirea documenta\u0163iei &nbsp; Elaborarea dosarului cu documentele impuse de Legea nr. 307\/2006 privind\u00a0ap\u0103rarea \u00eempotriva\u00a0incendiilor\u00a0\u015fi a Normelor generale de ap\u0103rare \u00eempotriva incendiilor (OMAI 163\/2007) cuprinz\u00e2nd: Acte de autoritate: decizii, dispozi\u0163ii, hot\u0103r\u00e2ri prin care se stabilesc r\u0103spunderi pe linie de ap\u0103rare \u00eempotriva incendiilor, reglementarea fumatului \u015fi a lucrului cu foc deschis; Reglementarea instruirilor\u00a0\u00a0privind situa\u0163iile de urgen\u0163\u0103 (PSI); [&hellip;]<\/p>\n","protected":false},"author":1,"featured_media":0,"parent":0,"menu_order":0,"comment_status":"closed","ping_status":"closed","template":"","meta":{"footnotes":""},"class_list":["post-44","page","type-page","status-publish","hentry"],"_links":{"self":[{"href":"https:\/\/romarin.ro\/index.php?rest_route=\/wp\/v2\/pages\/44","targetHints":{"allow":["GET"]}}],"collection":[{"href":"https:\/\/romarin.ro\/index.php?rest_route=\/wp\/v2\/pages"}],"about":[{"href":"https:\/\/romarin.ro\/index.php?rest_route=\/wp\/v2\/types\/page"}],"author":[{"embeddable":true,"href":"https:\/\/romarin.ro\/index.php?rest_route=\/wp\/v2\/users\/1"}],"replies":[{"embeddable":true,"href":"https:\/\/romarin.ro\/index.php?rest_route=%2Fwp%2Fv2%2Fcomments&post=44"}],"version-history":[{"count":1,"href":"https:\/\/romarin.ro\/index.php?rest_route=\/wp\/v2\/pages\/44\/revisions"}],"predecessor-version":[{"id":45,"href":"https:\/\/romarin.ro\/index.php?rest_route=\/wp\/v2\/pages\/44\/revisions\/45"}],"wp:attachment":[{"href":"https:\/\/romarin.ro\/index.php?rest_route=%2Fwp%2Fv2%2Fmedia&parent=44"}],"curies":[{"name":"wp","href":"https:\/\/api.w.org\/{rel}","templated":true}]}}