{"id":34,"date":"2026-05-10T09:42:49","date_gmt":"2026-05-10T09:42:49","guid":{"rendered":"https:\/\/romarin.ro\/?page_id=34"},"modified":"2026-05-10T09:42:49","modified_gmt":"2026-05-10T09:42:49","slug":"protectia-muncii","status":"publish","type":"page","link":"https:\/\/romarin.ro\/?page_id=34","title":{"rendered":"Protec\u021bia muncii"},"content":{"rendered":"<p><b><strong>Elaborarea documenta\u0163iei<\/strong><\/b><\/p>\n<p>&nbsp;<\/p>\n<p>Elaborarea dosarului cu documente \u00een conformitate cu\u00a0<a href=\"https:\/\/web.archive.org\/web\/20260215221443\/http:\/\/www.protectiamuncii.ro\/legislation\/legea_securitatii_si_sanatatii_in_munca_nr_319_2006.shtml\"><em>Legea securit\u0103\u0163ii \u015fi s\u0103n\u0103t\u0103\u0163ii \u00een munc\u0103 nr. 319\/2006<\/em><\/a>\u00a0\u00a0\u015fi a\u00a0<em>Normelor metodologice de aplicare a legii (HG 1425\/2006)<\/em>\u00a0cuprinz\u00e2nd:<\/p>\n<ul>\n<li>Decizii interne de organizare a activit\u0103\u0163ii de securitate \u015fi s\u0103n\u0103tate \u00een munc\u0103 impuse de lege;<\/li>\n<li>Reglementarea instruirilor\u00a0\u00a0privind securitatea \u015fi s\u0103n\u0103tatea \u00een munc\u0103 (protec\u0163ia muncii);<\/li>\n<li>Programul de instruire-testare privind securitatea \u015fi s\u0103n\u0103tatea \u00een munc\u0103 (protec\u0163ia muncii);<\/li>\n<li>Tematici pentru toate fazele de instruire pe linie de securitate \u015fi s\u0103n\u0103tatea \u00een munc\u0103 (protec\u0163ia muncii);<\/li>\n<li>Atribu\u0163ii privind securitatea \u015fi s\u0103n\u0103tatea \u00een munc\u0103 (protec\u0163ia muncii) pentru toate categoriile de personal;<\/li>\n<li>Instruc\u0163iuni proprii de securitate \u015fi s\u0103n\u0103tate \u00een munc\u0103 (protec\u0163ia muncii), \u0163in\u00e2nd cont de particularit\u0103tile activit\u0103\u0163ilor unit\u0103\u0163ii\/\u00eentreprinderii precum \u015fi ale locurilor de munc\u0103\/posturilor de lucru;<\/li>\n<li>Normativul intern pentru acordarea echipamentului invidual de protec\u0163ie;<\/li>\n<li>Planul de prevenire \u015fi protec\u0163ie pe baza lucr\u0103rii de evaluare a factorilor de risc;<\/li>\n<li>Planul de securitate \u015fi s\u0103n\u0103tatea al santierului (unde este cazul);<\/li>\n<li>\u00a0Regulamentul de organizare \u015fi func\u0163ionare a Comitetului de securitate \u015fi s\u0103n\u0103tate \u00een munc\u0103\u00a0\u00a0(CSSM, unde este cazul)<\/li>\n<li>Propuneri pentru completarea regulamentului intern cu prevederile legisla\u0163iei de securitate \u015fi s\u0103n\u0103tatea \u00een munc\u0103;<\/li>\n<li>Propuneri pentru completarea fi\u015fei postului cu atribu\u0163ii pe linie de securitate \u015fi s\u0103n\u0103tatea \u00een munc\u0103 (protec\u0163ia muncii) pentru toate categoriile de personal;<\/li>\n<li>Planul de ac\u0163iune \u00een caz de pericol grav \u015fi iminent (unde este cazul).<\/li>\n<\/ul>\n<p>&nbsp;<\/p>\n<p><b><strong>\u00a0Asisten\u0163\u0103 de specialitate<\/strong><\/b><\/p>\n<p>&nbsp;<\/p>\n<p>Asisten\u0163a\u00a0de specialitate \u00een domeniul securit\u0103\u0163ii \u015fi s\u0103n\u0103t\u0103\u0163ii \u00een munc\u0103 (protec\u0163ia muncii), cuprinz\u00e2nd:<\/p>\n<ul>\n<li>Efecturea instruirii introductiv generale a noilor angaja\u0163i, prin consemnarea \u00een Fi\u015fa individual\u0103 de instruire privind securitatea \u015fi s\u0103n\u0103tatea \u00een munc\u0103 (protec\u0163ia muncii);<\/li>\n<li>Asisten\u0163\u0103 de specialitate pentru instruirea conduc\u0103torilor locurilor de munc\u0103, pentru efectuarea instruirii la locul de munc\u0103 \u015fi instruirii periodice\/periodice suplimentare pe linie de securitate \u015fi s\u0103n\u0103tatea \u00een munc\u0103 (protec\u0163ia muncii);<\/li>\n<li>Cercetarea incidentelor\/accidentelor\u00a0\u00a0cu incapacitate temporar\u0103 de munc\u0103;<\/li>\n<li>Executarea de controale preventive \u00een scopul depist\u0103rii, cunoa\u015fterii \u015fi \u00eenl\u0103tur\u0103rii st\u0103rilor de pericol de accidentare \u015fi \u00eemboln\u0103vire profesional\u0103;<\/li>\n<li>Informarea angajatorului asupra deficien\u0163elor constatate \u00een timpul controalelor efectuate la locul de munc\u0103 \u015fi propunerea de masuri de prevenire \u015fi protec\u0163ie;<\/li>\n<li>\u00cenfiin\u0163area Comitetului de securitate \u015fi s\u0103n\u0103tate \u00een munc\u0103 (CSSM) \u015fi asigurarea secretariatului acestuia (unde este cazul);<\/li>\n<li>Consultan\u0163\u0103 privind completarea Fi\u015fei de identificare a factorilor de risc profesional;<\/li>\n<li>Asisten\u0163\u0103 tehnic\u0103 \u00een vederea realiz\u0103rii masurilor de securitate a muncii dispuse cu ocazia controalelor efectuate de c\u0103tre ITM sau Inspec\u0163ia Muncii.<\/li>\n<\/ul>\n","protected":false},"excerpt":{"rendered":"<p>Elaborarea documenta\u0163iei &nbsp; Elaborarea dosarului cu documente \u00een conformitate cu\u00a0Legea securit\u0103\u0163ii \u015fi s\u0103n\u0103t\u0103\u0163ii \u00een munc\u0103 nr. 319\/2006\u00a0\u00a0\u015fi a\u00a0Normelor metodologice de aplicare a legii (HG 1425\/2006)\u00a0cuprinz\u00e2nd: Decizii interne de organizare a activit\u0103\u0163ii de securitate \u015fi s\u0103n\u0103tate \u00een munc\u0103 impuse de lege; Reglementarea instruirilor\u00a0\u00a0privind securitatea \u015fi s\u0103n\u0103tatea \u00een munc\u0103 (protec\u0163ia muncii); Programul de instruire-testare privind securitatea \u015fi [&hellip;]<\/p>\n","protected":false},"author":1,"featured_media":0,"parent":0,"menu_order":0,"comment_status":"closed","ping_status":"closed","template":"","meta":{"footnotes":""},"class_list":["post-34","page","type-page","status-publish","hentry"],"_links":{"self":[{"href":"https:\/\/romarin.ro\/index.php?rest_route=\/wp\/v2\/pages\/34","targetHints":{"allow":["GET"]}}],"collection":[{"href":"https:\/\/romarin.ro\/index.php?rest_route=\/wp\/v2\/pages"}],"about":[{"href":"https:\/\/romarin.ro\/index.php?rest_route=\/wp\/v2\/types\/page"}],"author":[{"embeddable":true,"href":"https:\/\/romarin.ro\/index.php?rest_route=\/wp\/v2\/users\/1"}],"replies":[{"embeddable":true,"href":"https:\/\/romarin.ro\/index.php?rest_route=%2Fwp%2Fv2%2Fcomments&post=34"}],"version-history":[{"count":1,"href":"https:\/\/romarin.ro\/index.php?rest_route=\/wp\/v2\/pages\/34\/revisions"}],"predecessor-version":[{"id":35,"href":"https:\/\/romarin.ro\/index.php?rest_route=\/wp\/v2\/pages\/34\/revisions\/35"}],"wp:attachment":[{"href":"https:\/\/romarin.ro\/index.php?rest_route=%2Fwp%2Fv2%2Fmedia&parent=34"}],"curies":[{"name":"wp","href":"https:\/\/api.w.org\/{rel}","templated":true}]}}